{"version":"1.0","provider_name":"appointmed Blog","provider_url":"https:\/\/www.appointmed.com\/blog","title":"Ein Jahr appointmed. CEO Patrik Inzinger im Interview.","type":"rich","width":600,"height":338,"html":"<blockquote class=\"wp-embedded-content\" data-secret=\"AzKsx7NpvU\"><a href=\"https:\/\/www.appointmed.com\/blog\/ein-jahr-appointmed-ceo-patrik-inzinger-im-interview\">Ein Jahr appointmed. CEO Patrik Inzinger im Interview.<\/a><\/blockquote><iframe sandbox=\"allow-scripts\" security=\"restricted\" src=\"https:\/\/www.appointmed.com\/blog\/ein-jahr-appointmed-ceo-patrik-inzinger-im-interview\/embed#?secret=AzKsx7NpvU\" width=\"600\" height=\"338\" title=\"&#8222;Ein Jahr appointmed. CEO Patrik Inzinger im Interview.&#8220; &#8211; appointmed Blog\" data-secret=\"AzKsx7NpvU\" frameborder=\"0\" marginwidth=\"0\" marginheight=\"0\" scrolling=\"no\" class=\"wp-embedded-content\"><\/iframe><script type=\"text\/javascript\">\n\/* <![CDATA[ *\/\n\/*! This file is auto-generated *\/\n!function(d,l){\"use strict\";l.querySelector&&d.addEventListener&&\"undefined\"!=typeof URL&&(d.wp=d.wp||{},d.wp.receiveEmbedMessage||(d.wp.receiveEmbedMessage=function(e){var t=e.data;if((t||t.secret||t.message||t.value)&&!\/[^a-zA-Z0-9]\/.test(t.secret)){for(var s,r,n,a=l.querySelectorAll('iframe[data-secret=\"'+t.secret+'\"]'),o=l.querySelectorAll('blockquote[data-secret=\"'+t.secret+'\"]'),c=new RegExp(\"^https?:$\",\"i\"),i=0;i<o.length;i++)o[i].style.display=\"none\";for(i=0;i<a.length;i++)s=a[i],e.source===s.contentWindow&&(s.removeAttribute(\"style\"),\"height\"===t.message?(1e3<(r=parseInt(t.value,10))?r=1e3:~~r<200&&(r=200),s.height=r):\"link\"===t.message&&(r=new URL(s.getAttribute(\"src\")),n=new URL(t.value),c.test(n.protocol))&&n.host===r.host&&l.activeElement===s&&(d.top.location.href=t.value))}},d.addEventListener(\"message\",d.wp.receiveEmbedMessage,!1),l.addEventListener(\"DOMContentLoaded\",function(){for(var e,t,s=l.querySelectorAll(\"iframe.wp-embedded-content\"),r=0;r<s.length;r++)(t=(e=s[r]).getAttribute(\"data-secret\"))||(t=Math.random().toString(36).substring(2,12),e.src+=\"#?secret=\"+t,e.setAttribute(\"data-secret\",t)),e.contentWindow.postMessage({message:\"ready\",secret:t},\"*\")},!1)))}(window,document);\n\/* ]]> *\/\n<\/script>\n","thumbnail_url":"https:\/\/www.appointmed.com\/blog\/wp-content\/uploads\/2017\/01\/patrik-inzinger-appointmed-ceo.jpg","thumbnail_width":1300,"thumbnail_height":480,"description":"Ein Jahr ist es nun her, dass appointmed offiziell gegr\u00fcndet wurde. In einem Jahresr\u00fcckblick 2016 haben wir Zahlen und Fakten der letzten 12 Monate pr\u00e4sentiert. Was gibt es Passenderes, als unseren CEO Patrik um ein Res\u00fcmee zu bitten. Sein letztes INZerview (5 \u20ac in die \u201cSchlechte Wortspiel Kasse\u201d) ist ohnehin schon eine Weile her. Es ist also h\u00f6chste Zeit, wieder etwas von ihm zu h\u00f6ren."}

Ein Jahr ist es nun her, dass appointmed offiziell gegründet wurde. In einem Jahresrückblick 2016 haben wir Zahlen und Fakten der letzten 12 Monate präsentiert. Was gibt es Passenderes, als unseren CEO Patrik um ein Resümee zu bitten. Sein letztes INZerview (5 € in die “Schlechte Wortspiel Kasse”) ist ohnehin schon eine Weile her. Es ist also höchste Zeit, wieder etwas von ihm zu hören.
